146150007?
1
What is the units digit of 70681441?
1
What is the tens digit of 2406198527?
2
What is the tens digit of 81798962?
6
What is the units digit of 6334151090?
0
What is the hundred thousands digit of 2634717863?
7
What is the ten millions digit of 875756611?
7
What is the hundred thousands digit of 9324538106?
5
What is the ten millions digit of 4271175177?
7
What is the units digit of 4117333076?
6
What is the millions digit of 872247239?
2
What is the hundred millions digit of 1079585487?
0
What is the hundred thousands digit of 26748481?
7
What is the thousands digit of 320721533?
1
What is the hundred millions digit of 166113107?
1
What is the ten millions digit of 721856150?
2
What is the ten thousands digit of 274315695?
1
What is the thousands digit of 32670282?
0
What is the hundreds digit of 430533024?
0
What is the millions digit of 271001869?
1
What is the thousands digit of 236991152?
1
What is the hundred thousands digit of 755627767?
6
What is the billions digit of 1643221663?
1
What is the hundred millions digit of 220052317?
2
What is the ten thousands digit of 2112142049?
4
What is the hundreds digit of 10959798?
7
What is the hundred thousands digit of 1593516757?
5
What is the millions digit of 116610213?
6
What is the units digit of 342844390?
0
What is the millions digit of 559435853?
9
What is the ten thousands digit of 5496787421?
8
What is the hundred millions digit of 159139145?
1
What is the units digit of 1311660248?
8
What is the units digit of 419899410?
0
What is the hundreds digit of 22779500?
5
What is the billions digit of 5148538582?
5
What is the hundred millions digit of 163610706?
1
What is the tens digit of 2694007?
0
What is the millions digit of 811776060?
1
What is the ten thousands digit of 437215493?
1
What is the hundreds digit of 33952230?
2
What is the tens digit of 147937917?
1
What is the millions digit of 65894798?
5
What is the ten millions digit of 626357999?
2
What is the ten thousands digit of 4901607?
0
What is the ten thousands digit of 2084613577?
1
What is the thousands digit of 52189189?
9
What is the tens digit of 338008247?
4
What is the ten thousands digit of 4831420975?
2
What is the thousands digit of 98231332?
1
What is the hundreds digit of 982979009?
0
What is the thousands digit of 1164560977?
0
What is the hundreds digit of 540582710?
7
What is the ten thousands digit of 56860450?
6
What is the hundred millions digit of 326851907?
3
What is the hundred millions digit of 663319618?
6
What is the hundreds digit of 10240144?
1
What is the units digit of 37972731?
1
What is the tens digit of 42784461?
6
What is the ten millions digit of 2296812854?
9
What is the hundreds digit of 1156222383?
3
What is the ten thousands digit of 302910347?
1
What is the hundred millions digit of 497035744?
4
What is the billions digit of 1061973547?
1
What is the ten thousands digit of 7601534154?
3
What is the hundreds digit of 10746676?
6
What is the ten thousands digit of 2598130515?
3
What is the tens digit of 625382680?
8
What is the millions digit of 54004587?
4
What is the thousands digit of 352819711?
9
What is the ten thousands digit of 100425985?
2
What is the hundreds digit of 111848642?
6
What is the ten millions digit of 113882347?
1
What is the ten thousands digit of 312126183?
2
What is the hundred thousands digit of 3171693?
1
What is the tens digit of 14002605?
0
What is the tens digit of 62438551?
5
What is the tens digit of 594124914?
1
What is the thousands digit of 5515095?
5
What is the tens digit of 13203282?
8
What is the millions digit of 31062112?
1
What is the tens digit of 1569949094?
9
What is the ten millions digit of 37416378?
3
What is the hundred thousands digit of 1576777181?
7
What is the units digit of 84863206?
6
What is the ten millions digit of 255511283?
5
What is the tens digit of 695944353?
5
What is the units digit of 37860260?
0
What is the hundreds digit of 4904145527?
5
What is the ten thousands digit of 907155287?
5
What is the units digit of 7499351777?
7
What is the ten millions digit of 706217844?
0
What is the units digit of 319437439?
9
What is the ten thousands digit of 94327172?
2
What is the hundreds digit of 1547202492?
4
What is the thousands digit of 1264786234?
6
What is the ten millions digit of 81003788?
8
What is the thousands digit of 25016598?
6
What is the tens digit of 662865870?
7
What is the tens digit of 97887560?
6
What is the hundreds digit of 2345246816?
8
What is the millions digit of 29270594?
9
What is the hundreds digit of 434460306?
3
What is the hundreds digit of 423501605?
6
What is the tens digit of 4147850?
5
What is the ten thousands digit of 710062190?
6
What is the ten thousands digit of 56942555?
4
What is the ten thousands digit of 33130012?
3
What is the ten millions digit of 89746347?
8
What is the hundred thousands digit of 198249291?
2
What is the millions digit of 792314517?
2
What is the thousands digit of 56857899?
7
What is the units digit of 274221600?
0
What is the hundreds digit of 94919359?
3
What is the millions digit of 905461495?
5
What is the hundreds digit of 721092080?
0
What is the ten millions digit of 148500818?
4
What is the millions digit of 33275935?
3
What is the ten thousands digit of 146189904?
8
What is the millions digit of 1663808303?
3
What is the hundred millions digit of 179037217?
1
What is the hundred millions digit of 252718775?
2
What is the thousands digit of 90512758?
2
What is the thousands digit of 711837276?
7
What is the tens digit of 16692279?
7
What is the units digit of 562137855?
5
What is the ten millions digit of 81645546?
8
What is the ten millions digit of 1888670476?
8
What is the hundreds digit of 176739186?
1
What is the tens digit of 7271363678?
7
What is the hundreds digit of 191607657?
6
What is the millions digit of 663558440?
3
What is the billions digit of 5393031970?
5
What is the ten millions digit of 90102777?
9
What is the hundreds digit of 29486545?
5
What is the ten millions digit of 80309344?
8
What is the ten thousands digit of 26790751?
9
What is the tens digit of 4343769691?
9
What is the ten thousands digit of 281319666?
1
What is the ten millions digit of 3770484115?
7
What is the ten thousands digit of 60352387?
5
What is the hundred thousands digit of 214418358?
4
What is the ten millions digit of 171804245?
7
What is the millions digit of 165778368?
5
What is the hundred thousands digit of 84609148?
6
What is the hundred thousands digit of 1810354935?
3
What is the hundreds digit of 173893035?
0
What is the tens digit of 50764184?
8
What is the ten millions digit of 204720766?
0
What is the units digit of 292026948?
8
What is the hundred millions digit of 235247227?
2
What is the tens digit of 369184329?
2
What is the units digit of 546563074?
4
What is the hundreds digit of 368875002?
0
What is the tens digit of 1721326175?
7
What is the ten thousands digit of 573628510?
2
What is the thousands digit of 1663913161?
3
What is the tens digit of 1138027180?
8
What is the hundreds digit of 8402892?
8
What is the ten millions digit of 1977991157?
7
What is the tens digit of 102293342?
4
What is the ten thousands digit of 138579147?
7
What is the tens digit of 5764740?
4
What is the millions digit of 87220279?
7
What is the millions digit of 390704545?
0
What is the hundreds digit of 93825180?
1
What is the hundred thousands digit of 6300902914?
9
What is the thousands digit of 52861994?
1
What is the millions digit of 13639897?
3
What is the tens digit of 142268605?
0
What is the hundred millions digit of 1940262378?
9
What is the hundred thousands digit of 566243955?
2
What is the millions digit of 754531276?
4
What is the hundred thousands digit of 142518398?
5
What is the units digit of 129294230?
0
What is the thousands digit of 181537787?
7
What is the tens digit of 1178254986?
8
What is the hundred thousands digit of 70093113?
0
What is the millions digit of 105369558?
5
What is the units digit of 1387776285?
5
What is the tens digit of 48522616?
1
What is the hundred thousands digit of 400274190?
2
What is the ten thousands digit of 295914142?
1
What is the thousands digit of 40795503?
5
What is the millions digit of 84101